{"version":"1.0","provider_name":"Darka Maz\u00ee","provider_url":"https:\/\/darkamazi.info","title":"Abdullah Ocalan: Ji bo entegrasyona demokrat\u00eek, p\u00eadiv\u00ee bi qan\u00fbn\u00ean a\u015ftiy\u00ea heye - Darka Maz\u00ee","type":"rich","width":600,"height":338,"html":"<blockquote class=\"darka-embedded-content\" data-secret=\"xvU9OhUJS6\"><a href=\"https:\/\/darkamazi.info\/archives\/1051905\">Abdullah Ocalan: Ji bo entegrasyona demokrat\u00eek, p\u00eadiv\u00ee bi qan\u00fbn\u00ean a\u015ftiy\u00ea heye<\/a><\/blockquote><iframe sandbox=\"allow-scripts\" security=\"restricted\" src=\"https:\/\/darkamazi.info\/archives\/1051905\/embed#?secret=xvU9OhUJS6\" width=\"600\" height=\"338\" title=\"&#8220;Abdullah Ocalan: Ji bo entegrasyona demokrat\u00eek, p\u00eadiv\u00ee bi qan\u00fbn\u00ean a\u015ftiy\u00ea heye&#8221; &#8212; Darka Maz\u00ee\" data-secret=\"xvU9OhUJS6\" frameborder=\"0\" marginwidth=\"0\" marginheight=\"0\" scrolling=\"no\" class=\"darka-embedded-content\"><\/iframe><script>\n\/*! This file is auto-generated *\/\n!function(d,l){\"use strict\";l.querySelector&&d.addEventListener&&\"undefined\"!=typeof URL&&(d.wp=d.wp||{},d.wp.receiveEmbedMessage||(d.wp.receiveEmbedMessage=function(e){var t=e.data;if((t||t.secret||t.message||t.value)&&!\/[^a-zA-Z0-9]\/.test(t.secret)){for(var s,r,n,a=l.querySelectorAll('iframe[data-secret=\"'+t.secret+'\"]'),o=l.querySelectorAll('blockquote[data-secret=\"'+t.secret+'\"]'),c=new RegExp(\"^https?:$\",\"i\"),i=0;i<o.length;i++)o[i].style.display=\"none\";for(i=0;i<a.length;i++)s=a[i],e.source===s.contentWindow&&(s.removeAttribute(\"style\"),\"height\"===t.message?(1e3<(r=parseInt(t.value,10))?r=1e3:~~r<200&&(r=200),s.height=r):\"link\"===t.message&&(r=new URL(s.getAttribute(\"src\")),n=new URL(t.value),c.test(n.protocol))&&n.host===r.host&&l.activeElement===s&&(d.top.location.href=t.value))}},d.addEventListener(\"message\",d.wp.receiveEmbedMessage,!1),l.addEventListener(\"DOMContentLoaded\",function(){for(var e,t,s=l.querySelectorAll(\"iframe.darka-embedded-content\"),r=0;r<s.length;r++)(t=(e=s[r]).getAttribute(\"data-secret\"))||(t=Math.random().toString(36).substring(2,12),e.src+=\"#?secret=\"+t,e.setAttribute(\"data-secret\",t)),e.contentWindow.postMessage({message:\"ready\",secret:t},\"*\")},!1)))}(window,document);\n\/\/# sourceURL=https:\/\/darkamazi.info\/other\/js\/wp-embed.min.js\n<\/script>\n","thumbnail_url":"https:\/\/darkamazi.info\/file\/2026\/02\/Ocalan-Peyam-27-2-2026-info.jpg","thumbnail_width":900,"thumbnail_height":497,"description":"R\u00eaber\u00ea PKK\u2019\u00ea Abdullah Ocalan bi boneya salvegera yekem a &#8220;Banga A\u015ft\u00ee \u00fb Civaka Demokrat\u00eek&#8221; peyameke n\u00fb we\u015fand. Ocalan di peyama xwe de bal ki\u015fand ser giringiya guhertina qonaxa siyas\u00ee \u00fb ragihand: &#8220;Ji bo entegrasyona demokrat\u00eek, p\u00eadiv\u00ee bi qan\u00fbn\u00ean a\u015ftiy\u00ea heye.&#8221; Partiya Wekhev\u00ee \u00fb Demokrasiy\u00ea ya Gelan (DEM Part\u00ee) \u00fb endam\u00ean \u015eandeya \u00cemraliy\u00ea, bi boneya salvegera [&hellip;]"}

Darka Mazî

Abdullah Ocalan: Ji bo entegrasyona demokratîk, pêdivî bi qanûnên aştiyê heye - Darka Mazî

<blockquote class="darka-embedded-content" data-secret="xvU9OhUJS6"><a href="https://darkamazi.info/archives/1051905">Abdullah Ocalan: Ji bo entegrasyona demokratîk, pêdivî bi qanûnên aştiyê heye</a></blockquote><iframe sandbox="allow-scripts" security="restricted" src="https://darkamazi.info/archives/1051905/embed#?secret=xvU9OhUJS6" width="600" height="338" title="&#8220;Abdullah Ocalan: Ji bo entegrasyona demokratîk, pêdivî bi qanûnên aştiyê heye&#8221; &#8212; Darka Mazî" data-secret="xvU9OhUJS6" frameborder="0" marginwidth="0" marginheight="0" scrolling="no" class="darka-embedded-content"></iframe><script>
/*! This file is auto-generated */
!function(d,l){"use strict";l.querySelector&&d.addEventListener&&"undefined"!=typeof URL&&(d.wp=d.wp||{},d.wp.receiveEmbedMessage||(d.wp.receiveEmbedMessage=function(e){var t=e.data;if((t||t.secret||t.message||t.value)&&!/[^a-zA-Z0-9]/.test(t.secret)){for(var s,r,n,a=l.querySelectorAll('iframe[data-secret="'+t.secret+'"]'),o=l.querySelectorAll('blockquote[data-secret="'+t.secret+'"]'),c=new RegExp("^https?:$","i"),i=0;i<o.length;i++)o[i].style.display="none";for(i=0;i<a.length;i++)s=a[i],e.source===s.contentWindow&&(s.removeAttribute("style"),"height"===t.message?(1e3<(r=parseInt(t.value,10))?r=1e3:~~r<200&&(r=200),s.height=r):"link"===t.message&&(r=new URL(s.getAttribute("src")),n=new URL(t.value),c.test(n.protocol))&&n.host===r.host&&l.activeElement===s&&(d.top.location.href=t.value))}},d.addEventListener("message",d.wp.receiveEmbedMessage,!1),l.addEventListener("DOMContentLoaded",function(){for(var e,t,s=l.querySelectorAll("iframe.darka-embedded-content"),r=0;r<s.length;r++)(t=(e=s[r]).getAttribute("data-secret"))||(t=Math.random().toString(36).substring(2,12),e.src+="#?secret="+t,e.setAttribute("data-secret",t)),e.contentWindow.postMessage({message:"ready",secret:t},"*")},!1)))}(window,document);
//# sourceURL=https://darkamazi.info/other/js/wp-embed.min.js
</script>

Rêberê PKK’ê Abdullah Ocalan bi boneya salvegera yekem a &#8220;Banga Aştî û Civaka Demokratîk&#8221; peyameke nû weşand. Ocalan di peyama xwe de bal kişand ser giringiya guhertina qonaxa siyasî û ragihand: &#8220;Ji bo entegrasyona demokratîk, pêdivî bi qanûnên aştiyê heye.&#8221; Partiya Wekhevî û Demokrasiyê ya Gelan (DEM Partî) û endamên Şandeya Îmraliyê, bi boneya salvegera [&hellip;]
